. Calculate the remainder when 78 is divided by (-490)/(-25) + 2/i.
18
Let z be (-905)/(-20) + (-3)/12. Let b = z + -65. Calculate the remainder when 49 is divided by (-1)/(-4) - 335/b.
15
Let l(j) = 2*j + 36. Let n = 131 + -136. Calculate the remainder when l(n) is divided by 7.
5
Let p be 13 + 3/(6/(-4)). Let t(c) = 2*c**3 + 10*c**2 - c - 7. Let d be t(-5). Let i = d + p. Calculate the remainder when i is divided by 4.
1
Suppose 10*w - 4745 + 1135 = 0. What is the remainder when w is divided by 52?
49
Suppose 0*b = 2*b - 8. Let d(r) = 9*r - 56. Let x be d(7). Suppose 2 = -3*f + 2*v, 4*v - 1 = 4*f + x. What is the remainder when b is divided by f?
0
Let i = 254 - 179. Suppose 5*h = 5*n + i, 0 = 4*h - 0*n - n - 60. Suppose -28*p + 9 = -27*p. What is the remainder when h is divided by p?
6
Suppose -102 + 130 = 2*o. Let n be 12/10 - 10/50. What is the remainder when o is divided by n/(-2) - 17/(-2)?
6
What is the remainder when (-53)/(343/(-392) - 6/(-16)) is divided by 12?
10
Suppose -6 - 6 = -v. Let f = -5 + v. Calculate the remainder when -3*((-15)/9 - 5) is divided by f.
6
Suppose -2 = -5*b + 13. Let g be ((-12)/5 + 2)/((-240)/3000). Suppose b*f = 2*f + g. What is the remainder when 19 is divided by f?
4
Let w(o) be the first derivative of o**3/3 - o**2/2 + 12*o + 15. Calculate the remainder when 66 is divided by w(0).
6
Let v(k) = -k**3 - 8*k**2 + 16*k + 2. Calculate the remainder when v(-11) is divided by 22.
13
Let c be (3/9)/((-2)/(-6)). Let t(v) = 8*v**2 - v. Calculate the remainder when 36/20*(-40)/(-6) is divided by t(c).
5
Suppose 8*x = 46*x - 304. Calculate the remainder when 37 is divided by x.
5
What is the remainder when (-270)/(-5 + (-51)/(-12)) is divided by 91?
87
Suppose r = 5*r - 20. Let z(b) = b + 6. What is the remainder when 20 is divided by z(r)?
9
Suppose -8*g + 322 + 782 = 0. Suppose 3*n - 3*l = g, 0 = -0*n - 3*n + 4*l + 140. Calculate the remainder when n is divided by 16.
12
Let w(x) = 24*x - 190. What is the remainder when w(23) is divided by 28?
26
Suppose -3*g - h = -93 - 293, -644 = -5*g - h. Calculate the remainder when g is divided by 15.
9
Let z = -1 - -4. Suppose z*w - 10 = 53. Calculate the remainder when (-2)/(-7) + (-278)/(-7) is divided by w.
19
Let b(l) = 3*l + 19. Suppose w - 3*w = 50. Let t = 37 + w. Calculate the remainder when b(9) is divided by t.
10
Suppose -o + 7 = -5*m, m + 12 = 4*o - 35. Suppose 5*l = 18 + o. Calculate the remainder when (-6)/l - 14/(-1) is divided by 4.
1
Suppose 8 = -4*c - 0, -3*r + 2*c = -22. Suppose -f + r*f = 130. Suppose -m = -4*s + 33 + 13, 2*s = 2*m + f. Calculate the remainder when 21 is divided by s.
10
Let r(s) = -s**3 - 41*s**2 + 130*s - 66. Calculate the remainder when 55 is divided by r(-44).
11
Let o(t) be the first derivative of t**2 + t + 7. Let f be o(7). Suppose f*y - 20*y + 135 = 0. What is the remainder when y is divided by 14?
13
Let p(a) = -3*a**2 - 21*a + 16. What is the remainder when 34 is divided by p(-7)?
2
Suppose 5*m - h - 1 = 1, -3*h = -3*m + 6. Suppose 0 = 2*x - m*x + 3*i - 37, -4*i + 4 = 0. Calculate the remainder when x is divided by 3.
2
Let d(t) be the third derivative of -4*t**2 + 7/6*t**3 + 0 - 1/24*t**4 - 1/60*t**5 + 0*t. Calculate the remainder when 11 is divided by d(0).
4
Let a be (-4)/(-30) + 824/120. Let i = a + -5. Calculate the remainder when 202/6 + i/6 is divided by 12.
10
Let c(t) = t**3 - 6*t**2 + 6*t - 7. Let s be c(5). What is the remainder when (-230)/(-45)*12 - (-1)/(-3) is divided by (-63)/s - (-21)/(-42)?
30
Let o(t) = -2*t**2 + 26*t + 13. Calculate the remainder when 48 is divided by o(13).
9
Suppose -2*g + 110 = 5*k, 258 = -g + 6*g + 4*k. Calculate the remainder when g is divided by 29.
21
Suppose 0 = -h, -b + 4*b - 4*h - 36 = 0. Let x(d) = 2*d + 12. What is the remainder when 143 is divided by x(b)?
35
Suppose 25*a - 160 = 20*a. What is the remainder when a is divided by 5?
2
Let a = -78 + 387. What is the remainder when a is divided by 62?
61
Let z(l) = -l**3 + 15*l**2 - 28*l + 31. Let w be 3 + -1 + 5*-1. Calculate the remainder when w*6/(-2) + 0 is divided by z(13).
4
Let k(t) = -3*t + 81. Let g be k(0). Suppose -3*z + g = l, 4*l = -5*z - 0*l + 135. Calculate the remainder when (0 - -1) + (-2 - -107) is divided by z.
25
Suppose 124 = -4*d + 20. Let k = d + 45. Calculate the remainder when 33 is divided by k.
14
Suppose -544 = -g - 3*g. Suppose 0*n = -8*n + g. Calculate the remainder when n is divided by 10.
7
What is the remainder when (5 - (-1 - -1))*28 is divided by 51?
38
Calculate the remainder when 12/126*7*(-378)/(-4) is divided by 19.
6
Suppose 43*c = 15*c + 252. Calculate the remainder when 13 is divided by c.
4
Suppose 4*g - 27 = -2*q + 29, -5*q = 2*g - 44. Suppose 4*x = -x. Suppose 0 = -4*s - x*s - 4, s - 104 = -5*c. Calculate the remainder when c is divided by g.
9
Let t(d) = -d**2 + 15*d. Let c be t(15). Suppose c = l + 522 - 130. Calculate the remainder when (1 + 1)*l/(-16) is divided by 17.
15
Let l(c) = c**2 + 22*c - 8. What is the remainder when l(13) is divided by 6?
3
Let v(y) = -4*y**3 - 18*y**2 - 9*y - 1. Suppose 0 = 2*n + 6 - 30. What is the remainder when v(-5) is divided by n?
10
Suppose 0 = -3*l - 5*b + 70 + 79, -l = 2*b - 51. Calculate the remainder when 343 is divided by l.
42
Let i = -92 - -94. Let k be 6/(-15)*-15*1. Suppose i*p - 22 = -k. What is the remainder when 21 is divided by p?
5
Let d(t) = 0*t + t + 1 - 14 + t. Let y(v) = -v**2 - 15*v + 4. What is the remainder when y(-14) is divided by d(9)?
3
Suppose 8*y - 1548 = -10*y. Calculate the remainder when 170 is divided by y.
84
Let p(o) = 2*o**2 + 6*o - 59. What is the remainder when p(8) is divided by 17?
15
Suppose 5*c = -3*i + 46, 5*c + i = 35 + 17. Calculate the remainder when 194 is divided by c.
7
Suppose 0 = 5*c - p - 563, -5*c - 4*p + 573 = -0*p. Let i = c - 56. Calculate the remainder when i is divided by 20.
17
Suppose 2*n + 42 = 5*n. Suppose -n = -3*x + 52. Calculate the remainder when x is divided by (-45)/(-5) + (-12)/4.
4
Suppose -13*m = 227 - 890. Calculate the remainder when m is divided by ((-3)/(-6))/1*28.
9
Let h = 39 - 29. Suppose -11*i - 1166 = -3113. Calculate the remainder when i is divided by h.
7
Let c be 82/10 + (-3)/15. Let t = 8 + c. Calculate the remainder when 31 is divided by t.
15
Suppose 6696 = 4*b - 4*i, 2*b - 3*i + 4*i - 3354 = 0. What is the remainder when b is divided by 112?
108
Let d(s) = s - 12. Let i = 26 + -12. Calculate the remainder when d(i) is divided by 1.
0
Let y(v) = 2*v - 12. What is the remainder when (-75)/(-4 + 9)*-1 is divided by y(9)?
3
Let j(y) = y**3 - 3*y**2 - 5*y - 6. Calculate the remainder when 377 is divided by j(5).
16
Let y = 20 - -41. What is the remainder when y is divided by 7?
5
Let a(n) = -n + 29. What is the remainder when 305 is divided by a(-15)?
41
Suppose -3*r - 2*r + 2*q = -44, -4*r + 36 = -2*q. Let h be 4/(r/(-4)) - -2. What is the remainder when 27 is divided by (-2 + 17 + h)*1?
12
Let g(v) = -2*v + 4. Let w be g(2). Suppose 4*n - 20 - 20 = w. Calculate the remainder when n is divided by 6.
4
Suppose -1730 = -5*h - 5*k, h - 927*k = -931*k + 337. Let d(t) = 51*t - 1. Calculate the remainder when h is divided by d(1).
49
Let y = -49 - -88. What is the remainder when 62 is divided by y?
23
Let t be (-7)/(7/(-12)) + -2. Suppose -t = -l + 10. What is the remainder when 55 is divided by l?
15
Let n be (3/2 - 0)*(1 - -5). Suppose -n*a - 132 = -12*a. Calculate the remainder when 131 is divided by a.
43
Let k = 742 - 594. What is the remainder when k is divided by 44?
16
Suppose 0 = 10*b - 2*b - 1224. Calculate the remainder when b is divided by 22.
21
Suppose 4*f = -79 + 235. What is the remainder when f is divided by 11 - (1 + 4)*1?
3
Suppose 5*m - 15 = 45. Let u = m - -27. Let r(b) = b**2 + b + 4. Calculate the remainder when u is divided by r(-3).
9
What is the remainder when 0 + -1 + 1 + 127 is divided by (100/14 - -2)/(196/686)?
31
Let u be (5 - 5)*(-1)/1. Suppose -h + u*h = 5. What is the remainder when (52/(-5))/(2/h) is divided by 9?
8
Suppose 0 = 10*f - 8*f. Suppose f = -4*l - 16, 17 = -2*j - 4*l + 1. Suppose s - 5 = u + 2*u, j = -4*u + 12. What is the remainder when 53 is divided by s?
11
Suppose 3*v - 56 - 4 = 5*y, 2*y - 9 = -v. Let m = 22 - -27. What i